1829217 is divided by 25.
17
Calculate the remainder when 6711 is divided by 138.
87
Calculate the remainder when 1849158 is divided by 462285.
18
Calculate the remainder when 2790939 is divided by 10223.
60
What is the remainder when 6376174 is divided by 17?
1
Calculate the remainder when 7860589 is divided by 43.
17
Calculate the remainder when 826630 is divided by 6033.
109
What is the remainder when 18881979 is divided by 9?
6
What is the remainder when 2432533 is divided by 48?
37
Calculate the remainder when 207233267 is divided by 82.
79
Calculate the remainder when 6870031 is divided by 637.
623
What is the remainder when 3152982 is divided by 262748?
6
What is the remainder when 918459 is divided by 5566?
69
What is the remainder when 2152366849 is divided by 1261?
1257
What is the remainder when 68942 is divided by 2140?
462
Calculate the remainder when 142638 is divided by 8385.
93
What is the remainder when 694582 is divided by 4163?
3524
What is the remainder when 55967 is divided by 1217?
1202
What is the remainder when 1294104 is divided by 67?
66
What is the remainder when 1482469 is divided by 19766?
19
Calculate the remainder when 13832 is divided by 1089.
764
Calculate the remainder when 1275570 is divided by 136.
26
Calculate the remainder when 7181248 is divided by 9797.
47
Calculate the remainder when 1961747 is divided by 2065.
2062
Calculate the remainder when 64565 is divided by 2682.
197
What is the remainder when 19656 is divided by 463?
210
Calculate the remainder when 780707 is divided by 259012.
3671
Calculate the remainder when 5692818 is divided by 612.
606
Calculate the remainder when 36412639 is divided by 160.
159
Calculate the remainder when 6714 is divided by 2244.
2226
Calculate the remainder when 1130338 is divided by 18.
10
What is the remainder when 11113 is divided by 8702?
2411
Calculate the remainder when 7442904 is divided by 4094.
12
What is the remainder when 102023 is divided by 102003?
20
Calculate the remainder when 251342 is divided by 1404.
26
What is the remainder when 1502857 is divided by 9572?
53
Calculate the remainder when 168831 is divided by 84397.
37
What is the remainder when 4503423 is divided by 5387?
5278
What is the remainder when 1613095 is divided by 86?
79
What is the remainder when 1737045 is divided by 31?
22
Calculate the remainder when 144609 is divided by 48086.
351
What is the remainder when 1785621 is divided by 193?
178
What is the remainder when 82765 is divided by 441?
298
Calculate the remainder when 55576 is divided by 18328.
592
What is the remainder when 113771789 is divided by 226?
225
Calculate the remainder when 11048744 is divided by 2209741.
39
Calculate the remainder when 30813977 is divided by 673.
672
Calculate the remainder when 390568 is divided by 19528.
8
What is the remainder when 5185517 is divided by 3396?
3221
What is the remainder when 7600423 is divided by 1299?
1273
What is the remainder when 892106 is divided by 3392?
10
What is the remainder when 81714 is divided by 1355?
414
What is the remainder when 1262969 is divided by 210306?
1133
Calculate the remainder when 47325326 is divided by 49.
48
Calculate the remainder when 188849 is divided by 886.
131
What is the remainder when 1420544 is divided by 1730?
214
What is the remainder when 16034 is divided by 8004?
26
Calculate the remainder when 52067 is divided by 2288.
1731
Calculate the remainder when 2830513 is divided by 1206.
31
What is the remainder when 1166803 is divided by 126?
43
What is the remainder when 76867 is divided by 270?
187
Calculate the remainder when 2994011 is divided by 4107.
8
What is the remainder when 1705588 is divided by 34111?
38
Calculate the remainder when 16485250 is divided by 5142.
5140
What is the remainder when 19799 is divided by 3829?
654
Calculate the remainder when 26202023 is divided by 34431.
32
Calculate the remainder when 138574760 is divided by 167.
164
What is the remainder when 1350557 is divided by 192763?
1216
What is the remainder when 378397 is divided by 42041?
28
Calculate the remainder when 308013 is divided by 33.
24
Calculate the remainder when 254504 is divided by 1806.
1664
Calculate the remainder when 2165219 is divided by 67659.
131
Calculate the remainder when 60643438 is divided by 1254.
1252
Calculate the remainder when 2676631 is divided by 10969.
195
Calculate the remainder when 1521331 is divided by 1140.
571
What is the remainder when 3472165 is divided by 182?
151
What is the remainder when 15892 is divided by 143?
19
Calculate the remainder when 538017 is divided by 4484.
4421
What is the remainder when 61002202 is divided by 71?
67
Calculate the remainder when 92647 is divided by 46212.
223
Calculate the remainder when 147353 is divided by 17.
14
What is the remainder when 391311 is divided by 389?
366
Calculate the remainder when 89601 is divided by 453.
360
Calculate the remainder when 627068 is divided by 3212.
728
What is the remainder when 401609 is divided by 30892?
13
Calculate the remainder when 1604415 is divided by 4704.
351
Calculate the remainder when 219772 is divided by 219752.
20
What is the remainder when 1180640 is divided by 2135?
2120
What is the remainder when 13969555 is divided by 3517?
31
Calculate the remainder when 5536918 is divided by 263662.
16
Calculate the remainder when 1152193 is divided by 455.
133
Calculate the remainder when 8419463 is divided by 54.
53
Calculate the remainder when 8414665 is divided by 311651.
88
What is the remainder when 63559 is divided by 1721?
1603
Calculate the remainder when 221315 is divided by 769.
612
What is the remainder when 18650 is divided by 8899?
852
Calculate the remainder when 586405852 is divided by 2601.
2599
What is the remainder when 52328989 is divided by 62?
59
What is the remainder when 17206 is divided by 343?
56
Calculate the remainder when 9424453 is divided by 211.
138
Calculate the remainder when 5977048 is divided by 543367.
11
Calculate the remainder when 277216 is divided by 182.
30
Calculate the remainder when 348394554 is divided by 903.
900
Calculate the remainder when 97752922 is divided by 422.
420
Calculate the remainder when 909937 is divided by 1128.
769
Calculate the remainder when 31841 is divided by 29575.
2266
Calculate the remainder when 43609 is divided by 6208.
153
Calculate the remainder when 1243552 is divided by 137.
3
What is the remainder when 78339 is divided by 15659?
44
What is the remainder when 4850423 is divided by 4512?
23
What is the remainder when 18495308 is divided by 455?
13
Calculate the remainder when 18088261 is divided by 646009.
9
Calculate the remainder when 11766378 is divided by 4917.
4914
Calculate the remainder when 443502 is divided by 13044.
6
Calculate the remainder when 24418133 is divided by 2555.
2553
Calculate the remainder when 14336924 is divided by 315.
14
Calculate the remainder when 5574975 is divided by 331.
273
What is the remainder when 447340 is divided by 44646?
880
What is the remainder when 3211990 is divided by 31?
18
Calculate the remainder when 677138 is divided by 289.
11
What is the remainder when 3229125 is divided by 1076364?
33
Calculate the remainder when 851393 is divided by 425696.
1
Calculate the remainder when 975547 is divided by 203.
132
Calculate the remainder when 19289027 is divided by 1205563.
19
Calculate the remainder when 10820607 is divided by 81.
60
Calculate the remainder when 3322866 is divided by 1107589.
99
Calculate the remainder when 10422025 is divided by 7.
5
What is the remainder when 86230 is divided by 21227?
1322
Calculate the remainder when 7776811 is divided by 211.
195
What is the remainder when 15268772 is divided by 303?
299
Calculate the remainder when 207462 is divided by 1.
0
Calculate the remainder when 21113038 is divided by 1318.
1314
Calculate the remainder when 340096 is divided by 24.
16
Calculate the remainder when 6723162 is divided by 6723134.
28
What is the remainder when 240642240 is divided by 93?
90
Calculate the remainder when 190076 is divided by 94838.
400
What is the remainder when 420945 is divided by 10467?
2265
Calculate the remainder when 291914 is divided by 32434.
8
What is the remainder when 11959998 is 